e
Let b = -1 + 53. Suppose -7 = n - b. Suppose -n = d - 316. Is d prime?
True
Suppose -153*x + 151*x = -4918. Is x a prime number?
True
Let a be -15*(-73)/1 + -2. Let y = a - 242. Is y prime?
False
Let s(o) = 595*o - 512. Is s(31) composite?
True
Let g(q) = -1622*q + 211. Is g(-17) a prime number?
False
Suppose -5*z + 1463 + 72 = 0. Is z a prime number?
True
Suppose 0 = 83*o - 82*o - 20803. Is o a composite number?
True
Suppose 5*f = 3*f + 10. Suppose 2*j = -t + 663, -f*t + 2*j - 4*j = -3331. Suppose 0 = 3*r + 3, -5*y + 0*r = 3*r - t. Is y a composite number?
True
Let n(j) = -25*j - 3. Suppose -5*l = 10, -2*o + 7*o + 5*l = 75. Let b = 13 - o. Is n(b) composite?
False
Let l(d) = 11*d - 20. Let s be l(14). Suppose 2*b = -28 + s. Is b a composite number?
False
Suppose -16 - 14 = -5*f. Suppose 0 = f*q - 2*q. Suppose -2*n + u + 19 = -q*n, 5 = 5*u. Is n a prime number?
False
Let a(d) = -d**3 + 2*d**2 - 2*d + 6. Let x be a(2). Suppose -5*o + 15 = 0, c + x*o + 3406 = 5*c. Is c a prime number?
True
Suppose -93834 - 165724 = -26*k. Is k a composite number?
True
Let t = 83 + -83. Suppose 4*r + 2*w = 3452, t = r - w + 2*w - 864. Is r a composite number?
True
Suppose 37*q = 36*q - 1, 0 = 4*l - 5*q - 342361. Is l composite?
True
Let c(f) = -40*f - 3. Let m(o) = -4*o - 2*o**2 - 4 + 4 - 4 + 2. Let j be m(-2). Is c(j) a prime number?
False
Let h = 1074 - 703. Suppose -2*n - n + 3*w = -531, 171 = n - 3*w. Let p = h - n. Is p prime?
True
Let m be (9/(-12) - -1)*2*10. Is ((-3)/m)/(-1) - 310480/(-200) composite?
False
Suppose -17188 = -55*o + 51*o. Is o a prime number?
True
Let z = -25 + 25. Is 212 + -1 - z/14 a prime number?
True
Suppose 19*f + 2 = 20*f. Suppose 0*z + z + f = 0. Is ((z - -4) + -1)*653 prime?
True
Let h = 9 - 7. Let q(x) = -6*x**3 + 1 + 3*x**2 - 2*x - 2*x**h + 4*x. Is q(-2) composite?
True
Suppose -3*i + 12 = 3. Suppose -g + 1258 = b, 3*b - 2295 - 1485 = i*g. Is b prime?
True
Let n = 9206 + -6003. Is n composite?
False
Is (-6615)/(-20) - (-5)/20 a prime number?
True
Let t(m) = 127*m - 10. Let h be t(4). Let o = h - 331. Is o composite?
False
Let z(j) = -j**3 + 7*j**2 + 3*j - 12. Let v be z(-9). Suppose 8 = 5*s - v. Is s prime?
False
Let p(n) be the first derivative of -n**4/4 + 7*n**3/3 - n**2/2 + 3*n + 17. Is p(6) composite?
True
Let s(z) = z**3 + 10*z**2 - 2*z - 21. Let j be s(-9). Suppose 0 = b - 4*c - 125, -4*b - j + 524 = 2*c. Is b a prime number?
True
Let f(h) = -72*h**3 - 3*h**2 - 7*h - 1. Let a be 5/(4 + -9) + -2. Is f(a) prime?
False
Let c = -21 + 8. Let m(z) = -z - 8. Let s be m(c). Suppose 471 = s*i - x, 3*i = 4*x + 133 + 136. Is i prime?
False
Let a = 6785 + -3638. Is a a composite number?
True
Let l be (-2)/(-6) + (-244)/12. Let c be (2 - -842)/(3 - 2). Is (10/l)/((-2)/c) a prime number?
True
Let l(b) = b**2 + 6*b + 2. Let s be l(-6). Suppose -3*g - 962 = i - 5*i, 474 = 2*i + s*g. Is i composite?
False
Let x = 66079 + -33072. Is x a prime number?
False
Let i = 175 + -65. Suppose 14*b - i = 9*b. Is b a prime number?
False
Let j(x) = x**2 - 12*x + 3. Let a be j(12). Suppose 4*r + 180 = 2*z, a*r = 5*z - 261 - 217. Let b = 163 - z. Is b a composite number?
True
Let g = 378 - -3415. Is g a composite number?
False
Is -194*6/36*-1347 a prime number?
False
Let u = 2 - 0. Suppose u*w + 3*f = 94, -w + 34 = -2*f - 3*f. Suppose 21 = 5*o - w. Is o prime?
True
Let c be 1 + -1 - -1 - 18/(-9). Suppose 0 = -4*u + a - c*a + 3904, -3906 = -4*u - a. Is u a prime number?
True
Let z = 58807 + -41090. Is z a composite number?
True
Suppose -4263 = -2*i - 0*i - 5*q, 0 = 5*i + 3*q - 10648. Is i a prime number?
True
Suppose 5*l - u = 39, -6*l + 13 = -3*l + 2*u. Let n = l - 4. Suppose 0 = 2*f - 0*r - 4*r - 388, n*f - 590 = 4*r. Is f prime?
False
Suppose 8 = 5*g - 2. Suppose -3 = -3*m, m + 432 = g*y - 229. Is y a composite number?
False
Let l(k) = -94*k + 18. Suppose 0*o + 3*o + 12 = 0. Is l(o) prime?
False
Let i(s) = -14*s**2. Suppose 0 = 2*v - 3 + 7, 0 = -r - 4*v - 4. Let d be i(r). Let j = d + 435. Is j composite?
False
Suppose 5*t - 14 = 6. Let a be (-3)/2 + (-418)/t. Let l = -51 - a. Is l prime?
False
Let f(q) = -6*q - 15. Let g = 3 - 3. Let s = -6 + g. Is f(s) composite?
True
Let c = -22 - -10. Let v be 45/c - (-5)/(-20). Let z(g) = -2*g**3 - 7*g**2 - 6*g - 1. Is z(v) a composite number?
True
Let y = 67 + -69. Let x(f) = -384*f**3 - f**2 + 6*f + 9. Is x(y) composite?
True
Let c(k) = k**2 - k - 3. Let d(a) = -7*a - 2. Let n be d(-1). Suppose n*o = -52 + 17. Is c(o) prime?
True
Let g be 1/(-4) + (-2)/(-8). Suppose g = r - 3*r + 242. Is r composite?
True
Suppose -4*i - 8904 = -5*p, -4*p = -2*p + 5*i - 3555. Suppose -12*z + 8*z = -p. Is z prime?
False
Let n(i) be the first derivative of i**2 + 16/3*i**3 - i + 1. Is n(2) composite?
False
Let p be 2/(-5) + (-1727)/(-5). Let f = 527 + p. Is (3/(-12))/((-2)/f) prime?
True
Suppose 3*r = -5778 + 26187. Is r a prime number?
True
Suppose -41*f + 46*f - 17465 = 0. Is f a composite number?
True
Let g(w) = w**3 + 7*w**2 - 9*w - 8. Let d be ((-27)/(-6) - 1)*-2. Is g(d) a composite number?
True
Is ((-79)/3)/((-12 - 6)/47574) a prime number?
False
Suppose -2*t + 4*c + 11061 + 39721 = 0, -2*c = 0. Is t a prime number?
True
Suppose 20*x + 14*x - 154394 = 0. Is x a composite number?
True
Suppose 0 = 28*n - 26*n - 4490. Is n prime?
False
Let m(y) = 85*y + 10. Let k be m(5). Suppose -t + k = 4*t. Is t a composite number?
True
Let w(i) = -i**3 - 9*i**2 - 6*i - 18. Let l be w(-6). Let z be ((-286)/4)/((-2)/4). Let f = l + z. Is f composite?
False
Suppose 520 = i + 213. Suppose w = 4*r + i, -4*w + 5*r = -1194 + 10. Is w composite?
True
Suppose 0 = 789*j - 788*j - 14513. Is j a composite number?
True
Suppose 3*y - 1307 + 113 = 0. Is y/3 - (-4)/12 a composite number?
True
Let j be (1 - (59 + 0))/(9/(-9)). Suppose 53 + j = l. Is l a composite number?
True
Let r(s) = -s**3 - 14*s**2 - s + 6. Let o be r(-14). Suppose 0 = -i + 6*i - o. Suppose i*x = x + 1653. Is x a prime number?
False
Let h(f) = 3570*f + 47. Is h(29) composite?
False
Let x(t) be the first derivative of -t**4/4 - 2*t**3 - 9*t**2/2 - t - 13. Is x(-5) a prime number?
True
Let j be 8/(-24) + (-44)/3. Let y = 19 + j. Suppose -r - d - 2*d = -83, 2*r - 158 = -y*d. Is r prime?
True
Suppose 425 = t + 4*t. Suppose -445 - t = -4*j - 2*h, j - 140 = -3*h. Is j composite?
False
Let k(m) = -m**2 - m + 142. Let f be k(0). Suppose 2*v = -3*h - 5, -h = 2*v - 0*h - 1. Suppose -v*i + 12 = -f. Is i composite?
True
Is (-39)/91 + (-70598)/(-7) prime?
False
Let q = 41 + 32. Let z = q + -18. Is z a prime number?
False
Let j = 112 + -79. Is j prime?
False
Suppose -84833 - 27793 = -18*q. Is q a composite number?
False
Suppose 2*g = 16204 + 6594. Is g a composite number?
False
Let u = -45321 + 94072. Is u prime?
True
Is (-2)/(-6)*(4203 + -6) composite?
False
Let w(d) = 4*d + 5. Let x(j) = 11*j + 16. Let z(q) = -8*w(q) + 3*x(q). Let l be z(5). Is ((-211)/(-3))/(l/39) a composite number?
False
Let q = 3 - -14. Let v = q - 8. Let l(o) = -o**3 + 12*o**2 + 8*o - 8. Is l(v) a composite number?
False
Let m = 221404 - 155207. Is m composite?
True
Suppose 0 = -2*d + d + 4*d. Is (d - 3/6)/((-6)/10524) composite?
False
Let y = -310 + 441. Is y composite?
False
Let c be ((-327)/7 + 12/(-42))*-1. Suppose 0*a - 328 = -4*a. Let y = a - c. Is y composite?
True
Let i = -730 - -869. Is i composite?
False
Suppose -8671 = -k - 1881. Suppose 4*m - k = -m. Suppose -4*c = -5*h - m, 4*c + h + 2*h = 1342. Is c a prime number?
True
Suppose 0 = -3*s + 3*o + 171, s + 3*o = -0*o + 57. Suppose 0 = -8*d + 11*d - s. Is d composite?
False
Let z(s) = -7*s**3 + 8*s**2 + 5*s + 19. Is z(-7) a prime number?
True
Let r = 2457 - -242. Is r a composite number?
False
Suppose -13975 = -3*r + 1934. Is r composite?
False
Suppose -4*b + 3 = -3*b. Suppose 3*t + b*c = 1332, 5*t - 2*t - 4*c = 1367. Is t a composite number?
False
Suppose 12*j + 2524 = 4*z + 8*j, z + 3*j - 631 = 0. Is z composite?
False
Suppose b = -v + 343, -5*v - 5*b + 1021 = -2*v. Is -1 + -1 - (-2 - v) composite?
False
Let u(d) = 19352*d**2 + 8*d - 7. Is u(2) a composite number?
False
Is (4 - (2156 - -1))*-1 prime?
True
Let h(y) = 2*y - 3. Let g be h(1). Is (g + -2)*(-74)/6 a prime number?
True
Suppose 5*t - 8 = 4*x, -t - 2*t + 3*x = -6. Suppose 2*q - 8 = t, -293 = -4*d - 4